pose 5 + 10 = z + 2*u, 0 = 2*z - 2*u - 24. Let x be i(z). What is the highest common divisor of x and 60?
12
Suppose 2*u = -u + o + 157, 2*u - 98 = 4*o. Let q = u - -32. Calculate the greatest common divisor of q and 34.
17
Suppose 4*l = 2*o + 958 + 2834, -l + 947 = -o. Calculate the greatest common factor of 13 and l.
13
Let y(o) = -o**3 + 13*o**2 - 16*o + 13. Let q be y(12). Let s = 55 + q. Let f be (-14 - -12)/(2/(-4)). What is the highest common divisor of s and f?
4
Let o = 361 + -182. Let q(k) = -k**2 + 3*k + 1. Let n be q(-6). Let l = o + n. What is the highest common divisor of 18 and l?
18
Suppose 0*o - 81 = -3*z + 3*o, 0 = -3*o - 12. Let d be 132 - -2 - (-7)/((-49)/(-28)). Calculate the greatest common factor of z and d.
23
Let u be (-95)/(-57)*(4 - -2)/2. Suppose -5*c + 3*x + 267 = 5*x, 2*x = -8. Calculate the greatest common divisor of u and c.
5
Let t be 2/((-27)/(-12) + -2). Suppose 52 + 148 = t*h. Calculate the greatest common divisor of h and 225.
25
Let o be 2/(-7) + 366/7. Let v(s) = -s**3 - 4*s + 2 - 10*s**2 + 5*s**2 + 4. Let k be v(-5). What is the highest common divisor of k and o?
26
Let y = -436 - -444. Let x(j) = -j**3 + 7*j**2 - 6*j + 2. Let f be x(6). Suppose -f*d = -0*d - 176. What is the highest common divisor of d and y?
8
Let m = 7 + -5. Let t be m/6*(-1 + 10). Suppose t*b - b - 320 = 0. What is the highest common divisor of 20 and b?
20
Suppose -4*f = 20, 78*f = -3*g + 73*f + 50. Suppose -7 = -2*s + 3. Calculate the greatest common divisor of s and g.
5
Let q be (-12 - -11) + (-14)/(-2). Let c be -1 + (-1)/(-2) + 87/q. Calculate the greatest common divisor of 56 and c.
14
Let b be (-63)/168 - 902/(-16). Calculate the highest common factor of 35 and b.
7
Let o = -287 + 317. Calculate the greatest common divisor of o and 810.
30
Suppose 2*o - 3*o = 0. Suppose -15 = -o*r - 5*r. Suppose 3*q = -r*i + 135, 3*q - 135 = -0*q + 2*i. What is the greatest common divisor of q and 15?
15
Let v(f) = -f**3 - 4*f**2 + 9*f + 7. Let w be v(-6). Let h = w + -23. Let d be (h - 1)/(10/150). Calculate the highest common divisor of d and 135.
15
Let z be 5/15 + 488/(-6). Let c = 156 + z. Let k(s) = s**3 - 7*s**2 - 4*s - 2. Let r be k(8). Calculate the greatest common divisor of c and r.
15
Suppose -3*r + 267 = 2*d, 0*d = -3*r + d + 258. Calculate the greatest common divisor of 3 and r.
3
Suppose -w = -r + 922, -3*w - 79 = -85. What is the greatest common factor of r and 24?
12
Let m(x) = x - 14. Let j be m(19). Let h(s) = 2*s**2 + 5 + 0*s**2 - s**2 + 7*s. Let l be h(-10). What is the greatest common divisor of l and j?
5
Suppose -189*f + 183*f + 28860 = 0. What is the greatest common factor of f and 130?
130
Suppose -582*j = -5*h - 581*j + 217, -8*h = -4*j - 364. Let b = 81 - 57. What is the highest common divisor of b and h?
6
Let h = 750 + -736. What is the greatest common divisor of 3 and h?
1
Let j = -460 - -766. What is the greatest common factor of 18 and j?
18
Let y = -38 + 170. Calculate the greatest common factor of y and 24.
12
Suppose -612 = -5*u - 87. Let h = 12 - 5. Suppose 2*w - o = h*w - 79, -3*o = -w + 3. Calculate the greatest common divisor of u and w.
15
Suppose f = -5*v + 6*f + 210, -2*v + f + 87 = 0. Suppose 5*d - 3*d - 97 - 353 = -10*w, 0 = -5*d. Calculate the greatest common factor of v and w.
45
Suppose -353 + 3833 = 6*i. What is the greatest common divisor of 40 and i?
20
Suppose 5*d + 2 = 102. Let p be ((-160)/(-224))/(3/21). Calculate the greatest common factor of d and p.
5
Let n be 3/((-90)/(-12))*20. Calculate the greatest common divisor of n and 152.
8
Suppose -105*z = -14298 - 3342. What is the highest common factor of 21 and z?
21
Suppose -937 = -6*n - 505. What is the greatest common divisor of 324 and n?
36
Let p = 270 - 190. Calculate the greatest common divisor of 30 and p.
10
Suppose -43 = -2*a - 15. Let i = -1661 + 1668. What is the highest common factor of i and a?
7
Let h(g) = -g + 5. Let z(x) = 6*x**2 - x + 2. Let l be z(1). Let m be h(l). Let b = 11 - m. What is the highest common factor of b and 117?
13
Let p(g) = g**2 - 9*g + 43. Let l be p(6). What is the highest common factor of 50 and l?
25
Let w(x) = -x - 11. Let o be w(-5). Let b be -3 - -5 - (3 + o). Suppose 107 = b*y - 8. What is the greatest common factor of y and 69?
23
Suppose 2*a - 2 - 2 = 0. Suppose 72 = -8*o + 14*o. What is the highest common factor of o and a?
2
Let r(j) = 32*j - 5. Let m be r(4). Let k = 237 - m. What is the highest common divisor of 38 and k?
38
Let n(o) = 12*o**2 - o - 2. Let t be n(-2). Suppose 5*f + 2*y - 38 - t = 0, 58 = 4*f - 2*y. What is the highest common divisor of 80 and f?
16
Suppose 10*l - 18*l = -832. Suppose 2*f = -0*f + 26. What is the greatest common divisor of l and f?
13
Suppose -3*i - 4*p + 49 = 0, 2*p = 5*p - 12. Let a be 33/66*(1 + (-1)/(-1)). Calculate the highest common divisor of a and i.
1
Let v be ((-322)/(6 + -13))/((-1)/2). Let t = -70 - v. Suppose 3*d - 2 = d, 5*d = -5*u + 280. Calculate the highest common factor of t and u.
11
Let m(y) = y**2 - 6*y - 10. Suppose 5*l = 3*d + 27, 2*d + 0*l + 23 = 5*l. Let u be m(d). What is the highest common factor of u and 15?
15
Let n(z) = -z**3 - 6*z**2 - z - 30. Let i be n(-7). What is the highest common factor of i and 130?
26
Let m be (825/66)/(-1 + 0)*-74. What is the greatest common divisor of 25 and m?
25
Let o = 513 - 449. Calculate the greatest common divisor of o and 8.
8
Suppose 9*d - 21 = 105. What is the greatest common divisor of 21 and d?
7
Let d = -35 + 54. Suppose 0 = 5*t + 5*x - 860, x = -x + 2. What is the highest common divisor of t and d?
19
Let h be ((-4 - -4)/(-3))/2. Suppose -4*l + 20 = h, -4*y - 255 = l - 4*l. Let p be 1758/8 - 15/y. What is the greatest common factor of p and 20?
20
Let w = 14 + 1. Let q(m) = -2*m. Let n be q(3). Let j(c) = -c**3 - 6*c**2 - 4*c - 14. Let b be j(n). What is the highest common factor of b and w?
5
Suppose 12 = 6*n - 2*n - m, -m - 4 = 0. What is the highest common divisor of n and 8?
2
Suppose -11*g = -17*g + 60. Calculate the greatest common factor of 25 and g.
5
Let g(f) = f**2 - 6*f. Let h be g(8). Suppose 15*q + 20 = h*q. Suppose 0 = -4*v - i + 15, 0*i = 2*v - 5*i - 35. What is the greatest common factor of v and q?
5
Suppose 4*b + 5 = 5*b. Suppose 59 = 9*z - b*z + 5*w, -4*w = z - 12. Calculate the highest common factor of z and 32.
16
Let x(j) = -22 - 5*j + 36 - 28. Let l be x(-5). What is the greatest common factor of l and 11?
11
Let m = 19 - 13. Let u(r) = 3*r**2 + 9*r - 27. Let q be u(m). What is the greatest common factor of 27 and q?
27
Let k = 1 + 0. Suppose -t - 3*l = -11, 4*l - 16 = -t - 0*l. Let n be t/10 + (-666)/(-90). What is the highest common factor of n and k?
1
Suppose -234*l + 12894 = 258. Suppose 3*c - 6 = 2*c. What is the greatest common divisor of l and c?
6
Let p(o) = -o**3 - 7*o**2 - 3*o + 2. Suppose -16*m = -14*m + 14. Let g be p(m). Suppose 3*r = 2*r + 92. What is the greatest common factor of r and g?
23
Let w = -7 - -126. Calculate the greatest common factor of 14 and w.
7
Let f = -237 + 250. Calculate the highest common factor of f and 351.
13
Let y = 5838 + -3507. What is the highest common factor of y and 111?
111
Let i = -1 + 3. Let c be (24/20)/(7 - (-198)/(-30)). Let a be (i/c)/(3/27). What is the highest common divisor of a and 6?
6
Suppose 18*i - 19*i + 5 = 0, 0 = f + 2*i - 138. Suppose -2*z = -2, 4*x + 3*z + 29 = 6*x. What is the highest common divisor of x and f?
16
Let d(i) = i**3 + 40*i**2 + 33*i + 86. Let o be d(-39). What is the highest common divisor of 64 and o?
64
Let g be (4576/(-260))/((-4)/10). Let l = 73 + -40. Calculate the greatest common factor of l and g.
11
Suppose -2*g + 55 = 3*b, -b = 4*g - 1 - 4. Let y = b - -14. Calculate the greatest common factor of 35 and y.
35
Let u(j) = j**3 - 14*j**2 - 33*j + 21. Let c be u(16). Suppose c*p - 2*a - 137 + 19 = 0, p = -4*a + 6. Calculate the highest common factor of p and 55.
11
Suppose 3*i - y = -197, 0*y = 2*y - 4. Let r = -68 + -29. Let j = i - r. Calculate the greatest common factor of j and 48.
16
Let b = -1 + -1. Let l(n) = -2*n**2 + 0*n - 25*n**3 - 4 - 6*n**3 + 7 - n. Let h be l(b). Calculate the greatest common divisor of 35 and h.
35
Let m(j) = 3*j**2 - 6*j + 4. Let q(s) = s**3 